e 16) to base 8
-23453
What is 110001100100 (base 2) in base 11?
2424
-121220200 (base 3) to base 4
-3000222
Convert 5158 (base 9) to base 2.
111011000011
What is -17 (base 16) in base 6?
-35
108 (base 12) to base 2
10011000
What is 100101011 (base 2) in base 8?
453
What is 81 (base 15) in base 3?
11111
Convert 16a65 (base 14) to base 3.
2220002111
-2311004 (base 5) to base 11
-290a8
185 (base 16) to base 11
324
What is 8a41 (base 11) in base 8?
27177
1091 (base 11) to base 10
1431
-111251 (base 9) to base 11
-45aa8
What is 13da9 (base 14) in base 12?
24681
Convert -4c6c (base 16) to base 8.
-46154
-102113 (base 4) to base 2
-10010010111
632 (base 12) to base 8
1606
What is 41231 (base 5) in base 13?
12c0
-30371 (base 9) to base 6
-232314
Convert 10424 (base 9) to base 7.
26065
Convert 10308 (base 9) to base 6.
51312
2d (base 15) to base 4
223
What is -40f (base 16) in base 7?
-3013
-151565 (base 7) to base 12
-1505b
Convert -115033 (base 7) to base 15.
-6317
What is -12b6 (base 13) in base 11?
-2020
-44213 (base 5) to base 12
-192a
10422 (base 7) to base 11
1a66
What is -16751 (base 9) in base 7?
-45445
What is -202210100 (base 3) in base 2?
-11101100110100
What is -10345 (base 7) in base 12?
-15b1
What is -1626 (base 15) in base 12?
-2909
12d8 (base 15) to base 5
112103
Convert 9217 (base 15) to base 16.
787f
12604 (base 8) to base 7
22026
What is -205 (base 6) in base 4?
-1031
What is -16167 (base 8) in base 10?
-7287
What is -926 (base 13) in base 11?
-1192
What is 34112 (base 6) in base 14?
1a68
What is 2ac0 (base 13) in base 3?
22120010
Convert -369 (base 14) to base 7.
-1662
-639 (base 14) to base 2
-10011001011
What is -4930 (base 10) in base 11?
-3782
What is 26614 (base 10) in base 3?
1100111201
10232 (base 4) to base 16
12e
What is -231050 (base 6) in base 7?
-111252
43c9 (base 13) to base 5
300320
-465 (base 12) to base 16
-28d
Convert 61771 (base 8) to base 16.
63f9
-2b102 (base 12) to base 4
-32303102
33064 (base 12) to base 2
10000011110001100
-100000121 (base 3) to base 6
-50241
Convert b7b (base 12) to base 3.
2022012
What is -464 (base 7) in base 12?
-182
-605 (base 8) to base 12
-285
Convert 20a1 (base 11) to base 6.
20501
What is 2140 (base 8) in base 4?
101200
Convert -222220 (base 4) to base 12.
-16b4
-1210 (base 10) to base 4
-102322
c781 (base 14) to base 11
23945
What is -3b (base 15) in base 3?
-2002
Convert -10001000001100 (base 2) to base 11.
-6604
Convert 110001111101 (base 2) to base 12.
1a25
What is -141004 (base 5) in base 10?
-5754
What is 120011121 (base 3) in base 11?
8344
Convert 10333 (base 5) to base 13.
433
-110010011 (base 2) to base 4
-12103
Convert 20232 (base 5) to base 6.
10033
Convert 4010 (base 7) to base 10.
1379
What is -1837 (base 9) in base 14?
-72b
Convert -2894 (base 13) to base 16.
-16eb
What is 4018 (base 13) in base 9?
13067
10656 (base 9) to base 11
5373
Convert 312451 (base 7) to base 16.
d1ec
222 (base 7) to base 15
79
-223145 (base 6) to base 4
-10212221
Convert 13102100 (base 4) to base 15.
8c95
Convert -477 (base 8) to base 4.
-10333
2053 (base 13) to base 5
120322
Convert 100100000 (base 2) to base 15.
143
-56756 (base 10) to base 9
-85762
Convert 1634a (base 11) to base 3.
1011121111
What is -2023 (base 5) in base 7?
-524
Convert -72 (base 14) to base 11.
-91
What is -113422 (base 6) in base 8?
-23226
-1011100 (base 2) to base 9
-112
10000012 (base 4) to base 13
75ca
What is -2001120 (base 3) in base 10?
-1500
Convert 21020200 (base 3) to base 8.
12243
What is 31320 (base 4) in base 7?
2406
Convert -1534 (base 6) to base 10.
-418
-122131 (base 4) to base 15
-77d
Convert 1b00 (base 16) to base 2.
1101100000000
What is a66d (base 15) in base 2?
1000100110000011
Convert -878 (base 11) to base 12.
-739
1303 (base 5) to base 6
535
What is -2935 (base 10) in base 16?
-b77
7387 (base 12) to base 9
18284
Convert -501 (base 14) to base 6.
-4313
What is -31422 (base 5) in base 16?
-840
5586 (base 11) to base 9
11071
What is -2120121 (base 3) in base 14?
-983
Convert -39 (base 14) to base 12.
-43
34532 (base 7) to base 16
228b
Convert -23136 (base 11) to base 15.
-9d90
1001222 (base 3) to base 14
3dc
10121220 (base 3) to base 6
20123
Convert 24d (base 14) to base 7.
1226
Convert 5021 (base 6) to base 2.
10001000101
What is -2747 (base 14) in base 13?
-31c7
What is -2b85 (base 13) in base 6?
-45242
Convert 220232 (base 4) to base 13.
1256
-c688 (base 15) to base 3
-2010120202
-1452 (base 6) to base 15
-1b2
What is -6836 (base 10) in base 16?
-1ab4
What is -5020 (base 6) in base 2?
-10001000100
What is -3032 (base 4) in base 15?
-db
336 (base 9) to base 3
101020
What is -20849 (base 14) in base 7?
-444522
Convert -a2c (base 13) to base 15.
-7a3
Convert -393 (base 13) to base 7.
-1554
What is 102 (base 3) in base 11?
10
Convert -102021020 (base 3) to base 15.
-2679
-a7 (base 11) to base 4
-1311
-11301 (base 15) to base 5
-3222201
-332505 (base 7) to base 11
-3aaa7
What is 6a2c (base 16) in base 8?
65054
What is 4210 (base 6) in base 2?
1110101110
Convert 1100010101 (base 2) to base 8.
1425
-105 (base 12) to base 6
-405
13231 (base 4) to base 7
1303
-142645 (base 7) to base 16
-6b20
What is 6629 (base 12) in base 14?
4169
Convert -20201321 (base 4) to base 11.
-24281
20002 (base 4) to base 11
428
Convert -d95 (base 16) to base 3.
-11202210
Convert 11806 (base 9) to base 8.
17410
What is -1300 (base 7) in base 4?
-13222
Convert 214 (base 15) to base 2.
111010101
Convert -2222202 (base 3) to base 9.
-2882
What is 41006 (base 10) in base 3?
2002020202
-20333 (base 6) to base 12
-16a9
-4148 (base 11) to base 2
-1010101111001
Convert 121010 (base 3) to base 10.
435
What is -1f08 (base 16) in base 12?
-4720
36a5 (base 14) to base 15
2c6d
What is -270 (base 12) in base 6?
-1420
1806 (base 10) to base 11
13a2
Convert 29767 (base 11) to base 16.
a4c5
What is -3754 (base 8) in base 12?
-1210
11664 (base 8) to base 11
3876
25a (base 14) to base 16
1d8
Convert 7cc (base 15) to base 6.
12103
-1a0 (base 15) to base 3
-111220
What is 1e (base 16) in base 12?
26
-26805 (base 9) to base 8
-43345
6e8e (base 16) to base 2
110111010001110
Convert -32186 (base 9) to base 15.
-64a0
What is -1419 (base 10) in base 5?
-21134
What is f15 (base 16) in base 13?
19b0
2653 (base 8) to base 6
10415
-122202 (base 3) to base 16
-1df
What is -121441 (base 5) in base 3?
-20100011
Convert -34304 (base 8) to base 4.
-3203010
Convert 24010 (base 12) to base 16.
bd0c
Convert 4173 (base 8) to base 12.
130b
What is 255c (base 13) in base 10?
5316
Convert 29d (base 15) to base 3.
211011
What is -66ba (base 14) in base 4?
-10112030
What is -557 (base 13) in base 12?
-645
What is -21103 (base 4) in base 7?
-1510
What is 11000022 (base 3) in base 12?
1838
What is 11171 (base 13) in base 16?
792b
43 (base 15) to base 5
223
What is 13866 (base 12) in base 9?
41216
Convert -2d3 (base 14) to base 15.
-287
116 (base 12) to base 13
c6
Convert -a7b1 (base 13) to base 9.
-34855
Convert -829 (base 10) to base 9.
-1121
Convert -10020323 (base 4) to base 14.
-6271
What is cd2 (base 15) in base 13?
141b
What is -4003 (base 15) in base 9?
-20463
Convert -717 (base 16) to base 8.
-3427
-4464 (base 12) to base 2
-1110110001100
-343 (base 6) to base 12
-b3
Convert -365 (base 13) to base 12.
-412
698 (base 11) to base 10
833
What is -21048 (base 9) in base 6?
-144155
What is -324460 (base 7) in base 11?
-39777
What is 9173 (base 10) in base 5?
243143
What is -30a (base 15) in base 13?
-409
What is -371 (base 13) in base 15?
-29e
2255 (base 7) to base 4
30320
111210002 (base 3) to base 13
475a
What is -22a5 (base 15) in base 3?
-101002102
What is -40201 (base 5) in base 8?
-4767
Convert -13371 (base 8) to base 7.
-23101
Convert 1011120 (base 3) to base 8.
1524
Convert 13b (base 12) to base 6.
515
Convert -4012 (base 11) to base 8.
-12331
-702 (base 15) to base 4
-120221
-4023 (base 10) to base 2
-111110110111
Convert 1d61 (base 15) to base 4.
1203313
What is -141304 (base 5) in base 12?
-3459
-321d (base 14) to base 6
-104015
-2757 (base 14) to base 6
-52041
What is -610 (base 8) in base 15?
-1b2
Convert 33000 (base 5) to base 6.
14230
What is -68a (base 11) in base 12?
-588
-1c4b (base 13) to base 16
-10c0
-10100100 (base 2) to base 11
-13a
Convert -4